eds digit of 9946?
9
What is the tens digit of 1066?
6
What is the thousands digit of 4833?
4
What is the ten thousands digit of 22168?
2
What is the hundreds digit of 97684?
6
What is the tens digit of 9477?
7
What is the tens digit of 547?
4
What is the thousands digit of 2362?
2
What is the ten thousands digit of 71319?
7
What is the tens digit of 1198?
9
What is the hundreds digit of 2821?
8
What is the hundreds digit of 2082?
0
What is the tens digit of 79?
7
What is the hundreds digit of 860?
8
What is the tens digit of 34758?
5
What is the thousands digit of 1748?
1
What is the ten thousands digit of 30131?
3
What is the units digit of 4072?
2
What is the thousands digit of 37279?
7
What is the hundreds digit of 31427?
4
What is the thousands digit of 17307?
7
What is the thousands digit of 2667?
2
What is the ten thousands digit of 32529?
3
What is the thousands digit of 3261?
3
What is the units digit of 27649?
9
What is the units digit of 54775?
5
What is the hundreds digit of 2228?
2
What is the hundreds digit of 17218?
2
What is the units digit of 1806?
6
What is the thousands digit of 49673?
9
What is the units digit of 4758?
8
What is the tens digit of 538?
3
What is the units digit of 34159?
9
What is the hundreds digit of 1684?
6
What is the units digit of 1642?
2
What is the tens digit of 2170?
7
What is the hundreds digit of 2597?
5
What is the hundreds digit of 27255?
2
What is the ten thousands digit of 36062?
3
What is the units digit of 11762?
2
What is the tens digit of 7305?
0
What is the units digit of 2365?
5
What is the hundreds digit of 718?
7
What is the units digit of 11393?
3
What is the units digit of 810?
0
What is the units digit of 17916?
6
What is the tens digit of 994?
9
What is the hundreds digit of 9529?
5
What is the tens digit of 978?
7
What is the tens digit of 53222?
2
What is the units digit of 8?
8
What is the thousands digit of 15218?
5
What is the hundred thousands digit of 116462?
1
What is the tens digit of 1472?
7
What is the hundreds digit of 1831?
8
What is the ten thousands digit of 95608?
9
What is the units digit of 913?
3
What is the thousands digit of 2547?
2
What is the hundreds digit of 115675?
6
What is the units digit of 622?
2
What is the units digit of 705?
5
What is the units digit of 9734?
4
What is the tens digit of 3386?
8
What is the thousands digit of 45311?
5
What is the thousands digit of 3777?
3
What is the hundreds digit of 1209?
2
What is the ten thousands digit of 30610?
3
What is the tens digit of 997?
9
What is the hundreds digit of 2536?
5
What is the hundreds digit of 131861?
8
What is the hundreds digit of 4443?
4
What is the thousands digit of 40258?
0
What is the hundreds digit of 2458?
4
What is the thousands digit of 16891?
6
What is the thousands digit of 10475?
0
What is the hundreds digit of 793?
7
What is the hundreds digit of 37431?
4
What is the units digit of 21632?
2
What is the tens digit of 17661?
6
What is the units digit of 2982?
2
What is the units digit of 33968?
8
What is the tens digit of 110?
1
What is the thousands digit of 4552?
4
What is the tens digit of 5178?
7
What is the tens digit of 4841?
4
What is the hundreds digit of 15308?
3
What is the thousands digit of 1215?
1
What is the tens digit of 994?
9
What is the tens digit of 5856?
5
What is the ten thousands digit of 29104?
2
What is the units digit of 931?
1
What is the units digit of 2943?
3
What is the units digit of 6142?
2
What is the hundreds digit of 7451?
4
What is the thousands digit of 1098?
1
What is the hundreds digit of 5521?
5
What is the hundreds digit of 4029?
0
What is the units digit of 524?
4
What is the units digit of 3743?
3
What is the thousands digit of 1230?
1
What is the thousands digit of 3008?
3
What is the ten thousands digit of 59579?
5
What is the tens digit of 140?
4
What is the thousands digit of 2022?
2
What is the ten thousands digit of 28389?
2
What is the thousands digit of 2996?
2
What is the units digit of 3607?
7
What is the thousands digit of 26233?
6
What is the tens digit of 1528?
2
What is the tens digit of 4419?
1
What is the ten thousands digit of 132203?
3
What is the units digit of 42771?
1
What is the units digit of 812?
2
What is the thousands digit of 9588?
9
What is the thousands digit of 1664?
1
What is the units digit of 1775?
5
What is the thousands digit of 119545?
9
What is the ten thousands digit of 18216?
1
What is the units digit of 698?
8
What is the units digit of 1888?
8
What is the units digit of 3288?
8
What is the thousands digit of 8864?
8
What is the units digit of 3215?
5
What is the ten thousands digit of 14157?
1
What is the tens digit of 2145?
4
What is the units digit of 4604?
4
What is the thousands digit of 14176?
4
What is the tens digit of 2022?
2
What is the hundreds digit of 19620?
6
What is the tens digit of 709?
0
What is the tens digit of 291?
9
What is the units digit of 218?
8
What is the thousands digit of 2686?
2
What is the thousands digit of 6824?
6
What is the tens digit of 11523?
2
What is the units digit of 628?
8
What is the thousands digit of 113997?
3
What is the ten thousands digit of 54096?
5
What is the tens digit of 13876?
7
What is the thousands digit of 7530?
7
What is the thousands digit of 26375?
6
What is the thousands digit of 1150?
1
What is the tens digit of 25940?
4
What is the ten thousands digit of 153916?
5
What is the hundreds digit of 3556?
5
What is the ten thousands digit of 57054?
5
What is the thousands digit of 1467?
1
What is the tens digit of 32615?
1
What is the thousands digit of 20517?
0
What is the hundreds digit of 1922?
9
What is the units digit of 763?
3
What is the units digit of 85?
5
What is the units digit of 24821?
1
What is the hundreds digit of 45260?
2
What is the hundreds digit of 611?
6
What is the hundreds digit of 182?
1
What is the hundreds digit of 1716?
7
What is the thousands digit of 1446?
1
What is the thousands digit of 1182?
1
What is the tens digit of 71387?
8
What is the units digit of 4903?
3
What is the hundreds digit of 603?
6
What is the tens digit of 475?
7
What is the units digit of 18048?
8
What is the ten thousands digit of 74321?
7
What is the tens digit of 116?
1
What is the thousands digit of 100426?
0
What is the tens digit of 56141?
4
What is the hundreds digit of 28545?
5
What is the hundreds digit of 1103?
1
What is the hundreds digit of 14670?
6
What is the thousands digit of 4220?
4
What is the thousands digit of 17628?
7
What is the thousands digit of 7023?
7
What is the units digit of 1055?
5
What is the units digit of 496?
6
What is the units digit of 5085?
5
What is the units digit of 5220?
0
What is the tens digit of 58632?
3
What is the hundreds digit of 5558?
5
What is the units digit of 95?
5
What is the thousands digit of 13676?
3
What is the units digit of 671?
1
What is the units digit of 1253?
3
What is the units digit of 3755?
5
What is the ten thousands digit of 66543?
6
What is the hundreds digit of 20471?
4
What is the thousands digit of 2863?
2
What is the thousands digit of 1054?
1
What is the tens digit of 2310?
1
What is the tens digit of 530?
3
What is the units digit of 368?
8
What is the units digit of 1407?
7
What is the thousands digit of 69946?
9
What is the units digit of 1345?
5
What is the tens digit of 3450?
5
What is the units digit of 5693?
3
What is the tens digit of 1668?
6
What is the tens digit of 86353?
5
What is the tens digit of 1263?
6
What is the tens digit of 65365?
6
What is the ten thousands digit of 16818?
1
What is the hundreds digit of 6264?
2
What is the units digit of 6600?
0
What is the hundreds digit of 708?
7
What is the ten thousands digit of 156415?
5
What is the hundreds digit of 11090?
0
What is the thousands digit of 1635?
1
What is the thousands digit of 8619?
8
What is the tens digit of 36093?
9
What is the thousands digit of 75657?
5
What is the thousands digit of 22773?
2
What is the hundreds digit of 896?
8
What is the units digit of 2334?
4
What is the thousands digit of 128924?
8
What is the units digit of 988?
8
What is the units digit of 5034?
4
What is the tens digit of 1649?
4
What is the hundreds digit of 879?
8
What is the hundreds digit of 29490?
4
W